 by 30.
23
What is the remainder when 65 is divided by 62?
3
What is the remainder when 3043 is divided by 29?
27
Calculate the remainder when 1392 is divided by 17.
15
Calculate the remainder when 2617 is divided by 65.
17
What is the remainder when 65 is divided by 22?
21
Calculate the remainder when 1066 is divided by 355.
1
Calculate the remainder when 322 is divided by 41.
35
Calculate the remainder when 1580 is divided by 93.
92
Calculate the remainder when 55 is divided by 10.
5
What is the remainder when 101 is divided by 21?
17
What is the remainder when 184 is divided by 62?
60
What is the remainder when 4664 is divided by 194?
8
Calculate the remainder when 164 is divided by 68.
28
What is the remainder when 11554 is divided by 91?
88
What is the remainder when 35 is divided by 26?
9
Calculate the remainder when 1322 is divided by 49.
48
What is the remainder when 2360 is divided by 17?
14
What is the remainder when 35037 is divided by 584?
581
What is the remainder when 167 is divided by 51?
14
What is the remainder when 1091 is divided by 186?
161
What is the remainder when 309 is divided by 105?
99
What is the remainder when 34 is divided by 19?
15
What is the remainder when 740 is divided by 13?
12
Calculate the remainder when 124 is divided by 60.
4
What is the remainder when 250 is divided by 12?
10
Calculate the remainder when 4111 is divided by 242.
239
What is the remainder when 12219 is divided by 188?
187
Calculate the remainder when 46 is divided by 25.
21
Calculate the remainder when 67 is divided by 17.
16
What is the remainder when 4102 is divided by 54?
52
Calculate the remainder when 331 is divided by 39.
19
Calculate the remainder when 756 is divided by 750.
6
What is the remainder when 502 is divided by 238?
26
What is the remainder when 231 is divided by 126?
105
Calculate the remainder when 7173 is divided by 35.
33
What is the remainder when 92 is divided by 39?
14
Calculate the remainder when 1505 is divided by 33.
20
Calculate the remainder when 42663 is divided by 35.
33
Calculate the remainder when 2206 is divided by 368.
366
What is the remainder when 166 is divided by 13?
10
Calculate the remainder when 155 is divided by 16.
11
What is the remainder when 449 is divided by 257?
192
Calculate the remainder when 185 is divided by 121.
64
What is the remainder when 6656 is divided by 90?
86
What is the remainder when 6146 is divided by 53?
51
Calculate the remainder when 28 is divided by 15.
13
What is the remainder when 243 is divided by 47?
8
Calculate the remainder when 155 is divided by 40.
35
What is the remainder when 1951 is divided by 21?
19
What is the remainder when 590 is divided by 17?
12
Calculate the remainder when 41659 is divided by 74.
71
Calculate the remainder when 1277 is divided by 45.
17
Calculate the remainder when 3263 is divided by 48.
47
Calculate the remainder when 844 is divided by 61.
51
What is the remainder when 1438 is divided by 102?
10
Calculate the remainder when 88 is divided by 61.
27
Calculate the remainder when 5945 is divided by 238.
233
Calculate the remainder when 166 is divided by 26.
10
What is the remainder when 165 is divided by 61?
43
Calculate the remainder when 551 is divided by 140.
131
What is the remainder when 3437 is divided by 86?
83
Calculate the remainder when 3819 is divided by 45.
39
What is the remainder when 42 is divided by 16?
10
Calculate the remainder when 444 is divided by 28.
24
Calculate the remainder when 14 is divided by 10.
4
Calculate the remainder when 2148 is divided by 115.
78
Calculate the remainder when 2426 is divided by 92.
34
Calculate the remainder when 204 is divided by 65.
9
What is the remainder when 128 is divided by 13?
11
What is the remainder when 471 is divided by 51?
12
What is the remainder when 63 is divided by 11?
8
What is the remainder when 349 is divided by 89?
82
Calculate the remainder when 46 is divided by 3.
1
Calculate the remainder when 103 is divided by 47.
9
What is the remainder when 6335 is divided by 72?
71
Calculate the remainder when 853 is divided by 45.
43
Calculate the remainder when 420 is divided by 9.
6
Calculate the remainder when 1036 is divided by 1026.
10
Calculate the remainder when 1197 is divided by 40.
37
What is the remainder when 14456 is divided by 79?
78
What is the remainder when 287 is divided by 58?
55
What is the remainder when 14310 is divided by 367?
364
Calculate the remainder when 77 is divided by 26.
25
What is the remainder when 83 is divided by 21?
20
Calculate the remainder when 2538 is divided by 21.
18
Calculate the remainder when 300 is divided by 81.
57
Calculate the remainder when 3450 is divided by 687.
15
Calculate the remainder when 13622 is divided by 57.
56
What is the remainder when 32 is divided by 5?
2
Calculate the remainder when 169 is divided by 123.
46
Calculate the remainder when 272 is divided by 87.
11
What is the remainder when 29 is divided by 17?
12
What is the remainder when 1619 is divided by 36?
35
Calculate the remainder when 1093 is divided by 223.
201
What is the remainder when 21 is divided by 8?
5
What is the remainder when 1374 is divided by 9?
6
Calculate the remainder when 191 is divided by 43.
19
What is the remainder when 5386 is divided by 22?
18
Calculate the remainder when 9357 is divided by 72.
69
What is the remainder when 698 is divided by 70?
68
What is the remainder when 196 is divided by 58?
22
What is the remainder when 173 is divided by 5?
3
What is the remainder when 154 is divided by 37?
6
Calculate the remainder when 2317 is divided by 18.
13
Calculate the remainder when 639 is divided by 20.
19
What is the remainder when 375 is divided by 56?
39
What is the remainder when 586 is divided by 76?
54
Calculate the remainder when 600 is divided by 313.
287
What is the remainder when 258 is divided by 58?
26
Calculate the remainder when 1453 is divided by 113.
97
What is the remainder when 929 is divided by 118?
103
What is the remainder when 512 is divided by 106?
88
What is the remainder when 560 is divided by 94?
90
What is the remainder when 120 is divided by 62?
58
Calculate the remainder when 382 is divided by 56.
46
Calculate the remainder when 969 is divided by 256.
201
Calculate the remainder when 116 is divided by 21.
11
What is the remainder when 307 is divided by 26?
21
Calculate the remainder when 149 is divided by 73.
3
Calculate the remainder when 28 is divided by 12.
4
What is the remainder when 4667 is divided by 73?
68
Calculate the remainder when 26 is divided by 14.
12
What is the remainder when 74 is divided by 62?
12
Calculate the remainder when 68 is divided by 21.
5
What is the remainder when 202 is divided by 29?
28
What is the remainder when 165 is divided by 22?
11
What is the remainder when 2040 is divided by 397?
55
Calculate the remainder when 647 is divided by 32.
7
Calculate the remainder when 579 is divided by 27.
12
What is the remainder when 894 is divided by 232?
198
Calculate the remainder when 217 is divided by 25.
17
Calculate the remainder when 11203 is divided by 303.
295
Calculate the remainder when 33 is divided by 18.
15
Calculate the remainder when 51466 is divided by 37.
36
Calculate the remainder when 1274 is divided by 71.
67
Calculate the remainder when 1297 is divided by 93.
88
What is the remainder when 2349 is divided by 1166?
17
Calculate the remainder when 3899 is divided by 16.
11
Calculate the remainder when 1647 is divided by 30.
27
Calculate the remainder when 278 is divided by 36.
26
What is the remainder when 535 is divided by 263?
9
What is the remainder when 180 is divided by 92?
88
What is the remainder when 315 is divided by 160?
155
Calculate the remainder when 163 is divided by 82.
81
What is the remainder when 455 is divided by 6?
5
What is the remainder when 1143 is divided by 88?
87
What is the remainder when 185 is divided by 94?
91
Calculate the remainder when 6243 is divided by 9.
6
What is the remainder when 1427 is divided by 68?
67
Calculate the remainder when 131 is divided by 35.
26
Calculate the remainder when 1565 is divided by 32.
29
What is the remainder when 115 is divided by 9?
7
Calculate the remainder when 350 is divided by 96.
62
Calculate